{"id":76,"date":"2019-04-28T20:54:22","date_gmt":"2019-04-28T18:54:22","guid":{"rendered":"http:\/\/serwer1721115.home.pl\/autoinstalator\/wordpressplugins1\/?page_id=76"},"modified":"2020-06-09T14:53:17","modified_gmt":"2020-06-09T12:53:17","slug":"kontakt","status":"publish","type":"page","link":"http:\/\/www.jkrserwis.pl\/index.php\/kontakt\/","title":{"rendered":"K O N T A K T"},"content":{"rendered":"\t\t<div data-elementor-type=\"wp-post\" data-elementor-id=\"76\" class=\"elementor elementor-76\" data-elementor-settings=\"[]\">\n\t\t\t<div class=\"elementor-inner\">\n\t\t\t\t<div class=\"elementor-section-wrap\">\n\t\t\t\t\t\t\t<section class=\"elementor-element elementor-element-845c1c1 elementor-section-boxed elementor-section-height-default elementor-section-height-default elementor-section elementor-top-section\" data-id=\"845c1c1\" data-element_type=\"section\">\n\t\t\t\t\t\t<div class=\"elementor-container elementor-column-gap-default\">\n\t\t\t\t<div class=\"elementor-row\">\n\t\t\t\t<div class=\"elementor-element elementor-element-e7bfa3c elementor-column elementor-col-100 elementor-top-column\" data-id=\"e7bfa3c\" data-element_type=\"column\">\n\t\t\t<div class=\"elementor-column-wrap  elementor-element-populated\">\n\t\t\t\t\t<div class=\"elementor-widget-wrap\">\n\t\t\t\t<div class=\"elementor-element elementor-element-8e0e000 elementor-widget elementor-widget-text-editor\" data-id=\"8e0e000\" data-element_type=\"widget\" data-widget_type=\"text-editor.default\">\n\t\t\t\t<div class=\"elementor-widget-container\">\n\t\t\t\t\t<div class=\"elementor-text-editor elementor-clearfix\"><p style=\"text-align: right;\"><strong>JKR Serwis Sp\u00f3\u0142ka Jawna<\/strong><br \/>Jacek Kulig, Krzysztof Ryng<br \/>98-300 Wielu\u0144 \u00a0ul. Sieradzka 56<br \/>NIP: 8322073954<br \/>Telefon: 509706744, 508901905<br \/><a href=\"mailto:biuro@jkrserwis.pl\">biuro@jkrserwis.pl<\/a><\/p><\/div>\n\t\t\t\t<\/div>\n\t\t\t\t<\/div>\n\t\t\t\t\t\t<\/div>\n\t\t\t<\/div>\n\t\t<\/div>\n\t\t\t\t\t\t<\/div>\n\t\t\t<\/div>\n\t\t<\/section>\n\t\t\t\t<section class=\"elementor-element elementor-element-cee0b83 elementor-section-boxed elementor-section-height-default elementor-section-height-default elementor-section elementor-top-section\" data-id=\"cee0b83\" data-element_type=\"section\">\n\t\t\t\t\t\t<div class=\"elementor-container elementor-column-gap-default\">\n\t\t\t\t<div class=\"elementor-row\">\n\t\t\t\t<div class=\"elementor-element elementor-element-d321aa5 elementor-column elementor-col-100 elementor-top-column\" data-id=\"d321aa5\" data-element_type=\"column\">\n\t\t\t<div class=\"elementor-column-wrap  elementor-element-populated\">\n\t\t\t\t\t<div class=\"elementor-widget-wrap\">\n\t\t\t\t<div class=\"elementor-element elementor-element-42cde6b elementor-widget elementor-widget-google_maps\" data-id=\"42cde6b\" data-element_type=\"widget\" data-widget_type=\"google_maps.default\">\n\t\t\t\t<div class=\"elementor-widget-container\">\n\t\t\t<div class=\"elementor-custom-embed\"><iframe frameborder=\"0\" scrolling=\"no\" marginheight=\"0\" marginwidth=\"0\" src=\"https:\/\/maps.google.com\/maps?q=98-300%20Wielu%C5%84%20ul%20Sieradzka%2056&amp;t=m&amp;z=13&amp;output=embed&amp;iwloc=near\" aria-label=\"98-300 Wielu\u0144 ul Sieradzka 56\"><\/iframe><\/div>\t\t<\/div>\n\t\t\t\t<\/div>\n\t\t\t\t\t\t<\/div>\n\t\t\t<\/div>\n\t\t<\/div>\n\t\t\t\t\t\t<\/div>\n\t\t\t<\/div>\n\t\t<\/section>\n\t\t\t\t\t\t<\/div>\n\t\t\t<\/div>\n\t\t<\/div>\n\t\t","protected":false},"excerpt":{"rendered":"<p>JKR Serwis Sp\u00f3\u0142ka Jawna Jacek Kulig, Krzysztof Ryng 98-300 Wielu\u0144 &nbsp;ul. Sieradzka 56 NIP: 8322073954 Telefon: 509706744, 508901905 biuro@jkrserwis.pl<\/p>\n","protected":false},"author":1,"featured_media":0,"parent":0,"menu_order":0,"comment_status":"closed","ping_status":"closed","template":"","meta":{"footnotes":""},"class_list":["post-76","page","type-page","status-publish","hentry"],"_links":{"self":[{"href":"http:\/\/www.jkrserwis.pl\/index.php\/wp-json\/wp\/v2\/pages\/76","targetHints":{"allow":["GET"]}}],"collection":[{"href":"http:\/\/www.jkrserwis.pl\/index.php\/wp-json\/wp\/v2\/pages"}],"about":[{"href":"http:\/\/www.jkrserwis.pl\/index.php\/wp-json\/wp\/v2\/types\/page"}],"author":[{"embeddable":true,"href":"http:\/\/www.jkrserwis.pl\/index.php\/wp-json\/wp\/v2\/users\/1"}],"replies":[{"embeddable":true,"href":"http:\/\/www.jkrserwis.pl\/index.php\/wp-json\/wp\/v2\/comments?post=76"}],"version-history":[{"count":9,"href":"http:\/\/www.jkrserwis.pl\/index.php\/wp-json\/wp\/v2\/pages\/76\/revisions"}],"predecessor-version":[{"id":162,"href":"http:\/\/www.jkrserwis.pl\/index.php\/wp-json\/wp\/v2\/pages\/76\/revisions\/162"}],"wp:attachment":[{"href":"http:\/\/www.jkrserwis.pl\/index.php\/wp-json\/wp\/v2\/media?parent=76"}],"curies":[{"name":"wp","href":"https:\/\/api.w.org\/{rel}","templated":true}]}}